uppose 7*r + 31725 = -8*r. Let x = r + 3562. List the prime factors of x.
1447
Let l be 33030/105 + 6/14. Suppose 21*m - l = 12*m. List the prime factors of m.
5, 7
Let c(r) = r**3 + 8*r**2 - r - 1. Let a(q) = q**3 + 8*q**2 - q. Let k(n) = -5*a(n) + 4*c(n). Let o be 2/(((-4)/9)/2). What are the prime factors of k(o)?
2, 17
Let b = -50 - 5. Let q = -113 - b. Let t = 7 - q. What are the prime factors of t?
5, 13
Let s(j) = 51*j**2 - 14*j - 24. Let d be s(-2). List the prime factors of d/(-156)*(-2559)/4.
853
Let t = 38529 - 19886. What are the prime factors of t?
103, 181
Let t(h) = -37*h. Let a be t(-1). Let d be (2/(-5))/(17/(-170)). Suppose 2*j - a = p, 0 = -5*j - d*p + 71 + 28. List the prime factors of j.
19
Let p(f) = f**3 + 4*f**2 + f - 2. Let i be p(-3). Suppose -168 = m - i*m. Let w = -42 + m. What are the prime factors of w?
2, 7
Suppose 0 = 60*f - 698962 - 737678. What are the prime factors of f?
2, 41, 73
Let f be (-2 - -14)/3 - 1508. Suppose n - 9 - 11 = 0. What are the prime factors of ((-5)/n)/(4/f)?
2, 47
Suppose 18*h - 51 - 21 = 0. Suppose p = -h*a + 2*a - 158, -3*p - 5*a - 473 = 0. What are the prime factors of 1467/13 - 24/p?
113
Let u(f) = -f**3 + 50*f**2 - 32*f - 929. What are the prime factors of u(37)?
2, 3, 1307
Suppose 3*f = -3*u + 9810, -16370 = -5*f + 8*u - 9*u. Suppose 9*n = -620 + f. What are the prime factors of n?
5, 59
Let f(i) be the third derivative of 211*i**4/12 - 19*i**3/6 + 128*i**2. List the prime factors of f(2).
3, 5, 11
Suppose 0 = -3*h - 24, 4*l + 200*h - 170224 = 195*h. List the prime factors of l.
2, 21283
Let m be 1303*((-5 - -2) + 4). Suppose 10*w - m = 6*w - 5*d, 0 = -5*w + 4*d + 1598. List the prime factors of w.
2, 7, 23
Suppose 0 = 4*s - 5*w - 129, -2 = 3*w + 1. Let a = s + -31. Suppose -f + 5*q + 59 = a, f + 0*q + 2*q = 73. What are the prime factors of f?
3, 23
Let h(n) = 11*n**3 + 28*n**2 + 12*n - 64. List the prime factors of h(7).
5, 1033
List the prime factors of ((-152)/24)/19*-16350.
2, 5, 109
Let u = -87 + 89. Let n(b) = 4 + 4*b - 3*b**3 - 7*b + 13*b**3. What are the prime factors of n(u)?
2, 3, 13
List the prime factors of -7 + ((-174976)/(-12) - (-4 - (-65)/15)).
2, 3, 7, 347
What are the prime factors of 4/(-14) + 35566380/1652?
21529
Suppose -588805 = -31*i - 4099 + 16136. What are the prime factors of i?
2, 11, 881
Let o = 223 - 215. Let p(a) = 9*a**2 - 38*a - 9. List the prime factors of p(o).
263
Suppose 0 = -o - h - 1024, 2*h = -43*o + 40*o - 3067. Let y = o - -1734. List the prime factors of y.
5, 11, 13
Suppose -6 = -2*r - 4*a - 34, r - 3*a = 1. Let g(w) = -74*w - 143. List the prime factors of g(r).
449
Let j(v) = -4*v**3 - v**2 - 15. Suppose 2*i - 5*s - 30 = 7*i, 0 = -4*s - 8. What are the prime factors of j(i)?
3, 5
Let g(n) = 4*n**2 - 26*n + 6. Let w be g(6). List the prime factors of (-4)/(-24) + (-9095)/w.
2, 379
Let v = 14839 + 9258. List the prime factors of v.
24097
Suppose 0 = -2*i - 2*i + 2*k + 40, 5*i + 4*k - 24 = 0. Suppose 3*a - i = -2. Suppose -a*v = 171 - 503. List the prime factors of v.
2, 83
Suppose 2*p + 8 = 3*a, -4*a + p = 2*p - 18. Suppose -a*l + 185 = -159. Suppose 3*i = -3*y + 18 + 36, 5*i + 4*y = l. What are the prime factors of i?
2, 7
Suppose 76784 + 58326 = 59*b. What are the prime factors of b?
2, 5, 229
Suppose -23*s = -26*s + 18. Let h(a) = 8*a**2 - 20*a + 4. What are the prime factors of h(s)?
2, 43
Let w(d) = -4777*d + 8817. What are the prime factors of w(-6)?
3, 13, 31
Suppose 92*l = 619337 + 344849 + 283150. What are the prime factors of l?
2, 6779
Let j(o) = o + 4. Let w be j(4). Let k(z) = -78*z - 84*z + 163*z + 29. List the prime factors of k(w).
37
Let j = -9521 + 17122. List the prime factors of j.
11, 691
Suppose -5*h + 4*z - 6 = 0, -3*z - 7 = -4. What are the prime factors of 161860/140 - h/(-14)?
2, 17
Let v(l) = 4416*l - 3568. What are the prime factors of v(3)?
2, 5, 11
Let n(t) = -3*t**3 - 3*t**2 - 8*t + 21. Let d be (-11 + (-328)/(-24))*(-3)/2. What are the prime factors of n(d)?
197
Let q be -2482*(0 - 7/(-7)) - 1. Let y = q - -4238. List the prime factors of y.
3, 5, 13
Suppose 4*l + 42382 = 2*h, -h = 253*l - 256*l - 21197. What are the prime factors of h?
21179
Suppose -14 = -18*s + 22. Suppose 12 = -4*f - 8, -s*b = 3*f - 245. List the prime factors of b.
2, 5, 13
Let s be 86424/20 + 80/(-25) + 4. Suppose 0 = -3*q + t + s, -2*q = -10*t + 6*t - 2888. List the prime factors of q.
2, 3, 5
Suppose -12*n - 4176 + 856 = -16*n. What are the prime factors of n?
2, 5, 83
Let t(n) = 39*n**3 - 9*n + 6 + 3*n**2 + 2*n + 2*n**2 - 1. Let x be t(2). Suppose -58 = -3*d + x. List the prime factors of d.
127
Suppose -260433 = 10*x - 775533. What are the prime factors of x?
2, 3, 5, 17, 101
Suppose -5*u + 4*v + 516 = 0, -2*u - v + 196 = -0*v. Suppose 0 = 6*x - x + u. List the prime factors of x/(-5) - (-34 - 3).
41
Suppose 3*f = -4*s - 28, -4*f = -7*f - 3*s - 33. Let o(n) = -n**3 - 13*n**2 + 36*n - 17. List the prime factors of o(f).
5, 7
Let u be ((66/(-11))/18)/(2/18). List the prime factors of (10/(-15) - (-4)/u) + 535.
13, 41
Suppose -4*b + 112 = 4*y, 16 = b + 2*y + 3*y. What are the prime factors of (-16)/(-4 - 0) + 24*b?
2, 11, 17
Suppose 24*o = -12311 + 181127. List the prime factors of o.
2, 3517
Suppose b - 4*j + 43 = 0, -4*b - 141 = -2*j + 17. Let l = b - -89. Suppose 22*f = 27*f - l. What are the prime factors of f?
2, 5
Let a = -31721 + 44755. List the prime factors of a.
2, 7, 19
Let y be (3 - 2 - 0) + 0. Let n(a) be the second derivative of 19*a**4/4 - a**3/3 + a**2/2 - 131*a - 1. What are the prime factors of n(y)?
2, 7
Suppose 43*r - 221*r = -586 + 52. Let s = 74 + -50. Suppose -3*d + r*i + 321 = 0, -4*d + 5*i + s = -408. What are the prime factors of d?
103
Let h(p) = -p + 9. Let r be h(7). Suppose v + r*t = 6, 24 = -6*v + 2*v + 4*t. List the prime factors of (-3 - v)*-2*(-149)/(-2).
149
Suppose 50*x + 30*x - 2019930 = 14*x. What are the prime factors of x?
5, 6121
Let f = 8640 + 10144. List the prime factors of f.
2, 587
Suppose 5*g = 0, g = 2*v - 2*g - 150. Let x = -72 + v. Suppose -f - 4*l + 93 = 0, -f + 0*l = -x*l - 114. List the prime factors of f.
3, 5, 7
Let r be (1/2 - 0)/(-1)*-2. What are the prime factors of (2/r)/(17241/(-2156) - -8)?
2, 7, 11
Let p be 12/(-36)*30/2. What are the prime factors of ((-584)/p)/((-9)/(45/(-2)))?
2, 73
Suppose -360*m + 311*m = -854609. What are the prime factors of m?
107, 163
Let f = 30769 + -9179. What are the prime factors of f?
2, 5, 17, 127
Suppose -7*l - 2376 + 14137 = 5*f, 1679 = l + f. What are the prime factors of l?
3, 11, 17
Let o be ((-15)/((-450)/(-1416)))/(2/(-10)). Suppose 3*w - 458 = 2*r + o, -2*w + 3*r = -466. List the prime factors of w.
2, 5, 23
Suppose 15704 = 4*r - c, -c = r - 0*c - 3921. What are the prime factors of r?
5, 157
Let m(f) = 671*f - 47. What are the prime factors of m(3)?
2, 983
Let h be 11 + (4/(-1) - -1). Suppose 12*m = h*m + 784. Suppose -m = -2*t - 2*y, 0*t + 4*t - 377 = y. What are the prime factors of t?
5, 19
Let h be 1 + -1*(8 + -2). Let n(c) = 18*c**2 + 17*c + 7. List the prime factors of n(h).
2, 3, 31
Let d(l) = -813*l - 1983. List the prime factors of d(-13).
2, 3, 53
Suppose -832 = -8*b + 216. Let y = b + 412. What are the prime factors of y?
3, 181
What are the prime factors of ((-31095)/(-60))/(((-5 - -4)/3)/(-8))?
2, 3, 691
Suppose -120*c + 53760 = -108*c. What are the prime factors of c?
2, 5, 7
Let i(n) = 17*n + 130. Let k be i(14). Let q = 721 - k. List the prime factors of q.
353
Let l = 2676 - -1452. What are the prime factors of l?
2, 3, 43
Let c(m) = -m**2 - 21*m - 1. Let j = -11 - -11. Suppose j = -8*l - 38 - 34. What are the prime factors of c(l)?
107
Suppose -2*c + 8 + 2 = 0. Let z be (c/10)/(1/2). What are the prime factors of ((-4)/12)/(z/(-267))?
89
Suppose 2*c + 2186 = m, 2*c = -3*c + m - 5468. List the prime factors of (-1)/(c/4360 - (-10)/40).
2, 5, 109
Suppose -10*z - 10621 = -37491. List the prime factors of z.
2687
Let x(s) = -s**2 + 6*s + 60. Let h be x(-5). Suppose -h*n + 1726 = -2649. What are the prime factors of n?
5, 7
Let n(w) = -4*w + 3*w**2 + 2 - 2*w**2 + 20*w. Let r = -6042 + 6049. List the prime factors of n(r).
163
Suppose -7*g + 50380 = 9353. List the prime factors of g.
5861
Let w(t) = -20*t - 35. Let i